{"id":8525,"date":"2024-01-10T16:12:42","date_gmt":"2024-01-10T09:12:42","guid":{"rendered":"https:\/\/tanphulinhphukien.vn\/?post_type=product&#038;p=8525"},"modified":"2024-01-13T12:53:10","modified_gmt":"2024-01-13T05:53:10","slug":"bao-da-iphone-15promax-nillkin-qin-pro","status":"publish","type":"product","link":"https:\/\/tanphulinhphukien.vn\/?product=bao-da-iphone-15promax-nillkin-qin-pro","title":{"rendered":"Bao Da iPhone 15ProMax NiLLKiN QIN PRO"},"content":{"rendered":"<div class=\"xdj266r x11i5rnm xat24cr x1mh8g0r x1vvkbs x126k92a\">\n<div dir=\"auto\">Bao Da <a class=\"x1i10hfl xjbqb8w x6umtig x1b1mbwd xaqea5y xav7gou x9f619 x1ypdohk xt0psk2 xe8uvvx xdj266r x11i5rnm xat24cr x1mh8g0r xexx8yu x4uap5 x18d9i69 xkhd6sd x16tdsg8 x1hl2dhg xggy1nq x1a2a7pz xt0b8zv x1qq9wsj xo1l8bm\" tabindex=\"0\" role=\"link\" href=\"https:\/\/www.facebook.com\/hashtag\/nillkin?__eep__=6&amp;__cft__[0]=AZXspnMQ1JG_qSJUMZPkrmEdatyL2ncc025ak8LugsyIR2FStrcyMoWbupd-KIkz_z_Z1uwNxe_5okgHHSS3r-3y1QdyjwCLkXA5XfjpVLsDWYladJJocQ1Wo0613bBfKZQ&amp;__tn__=*NK-R\">#NiLLKiN<\/a> QIN PRO<\/div>\n<div dir=\"auto\">\uf8ff D\u00e0nh cho <a class=\"x1i10hfl xjbqb8w x6umtig x1b1mbwd xaqea5y xav7gou x9f619 x1ypdohk xt0psk2 xe8uvvx xdj266r x11i5rnm xat24cr x1mh8g0r xexx8yu x4uap5 x18d9i69 xkhd6sd x16tdsg8 x1hl2dhg xggy1nq x1a2a7pz xt0b8zv x1qq9wsj xo1l8bm\" tabindex=\"0\" role=\"link\" href=\"https:\/\/www.facebook.com\/hashtag\/iphonepromax?__eep__=6&amp;__cft__[0]=AZXspnMQ1JG_qSJUMZPkrmEdatyL2ncc025ak8LugsyIR2FStrcyMoWbupd-KIkz_z_Z1uwNxe_5okgHHSS3r-3y1QdyjwCLkXA5XfjpVLsDWYladJJocQ1Wo0613bBfKZQ&amp;__tn__=*NK-R\">#iPhoneProMax<\/a><\/div>\n<\/div>\n<div class=\"x11i5rnm xat24cr x1mh8g0r x1vvkbs xtlvy1s x126k92a\">\n<div dir=\"auto\">\u2022 Thi\u1ebft k\u1ebf chu\u1ea9n x\u00e1c t\u1eebng chi ti\u1ebft v\u1edbi ch\u1ea5t li\u1ec7u <a class=\"x1i10hfl xjbqb8w x6umtig x1b1mbwd xaqea5y xav7gou x9f619 x1ypdohk xt0psk2 xe8uvvx xdj266r x11i5rnm xat24cr x1mh8g0r xexx8yu x4uap5 x18d9i69 xkhd6sd x16tdsg8 x1hl2dhg xggy1nq x1a2a7pz xt0b8zv x1qq9wsj xo1l8bm\" tabindex=\"0\" role=\"link\" href=\"https:\/\/www.facebook.com\/hashtag\/da_pu?__eep__=6&amp;__cft__[0]=AZXspnMQ1JG_qSJUMZPkrmEdatyL2ncc025ak8LugsyIR2FStrcyMoWbupd-KIkz_z_Z1uwNxe_5okgHHSS3r-3y1QdyjwCLkXA5XfjpVLsDWYladJJocQ1Wo0613bBfKZQ&amp;__tn__=*NK-R\">#DA_PU<\/a> cao c\u1ea5p, m\u1ecbn m\u00e0n, t\u1ea1o c\u1ea3m gi\u00e1c sang tr\u1ecdng h\u01a1n cho ng\u01b0\u1eddi d\u00f9ng<\/div>\n<div dir=\"auto\">\u2022 Bao da m\u1ecfng g\u1ecdn, khung gi\u1eef m\u00e1y l\u00e0 nh\u1ef1a PC cao c\u1ea5p \u0111\u01b0\u1ee3c ph\u1ee7 l\u1edbp nhung b\u1ea3o v\u1ec7, ch\u1ed1ng tr\u1ea7y x\u01b0\u1edbt kh\u00e1 t\u1ed1t<\/div>\n<\/div>\n<div class=\"x11i5rnm xat24cr x1mh8g0r x1vvkbs xtlvy1s x126k92a\">\n<div dir=\"auto\"><span class=\"x3nfvp2 x1j61x8r x1fcty0u xdj266r xhhsvwb xat24cr xgzva0m xxymvpz xlup9mm x1kky2od\"><img loading=\"lazy\" decoding=\"async\" class=\"xz74otr\" src=\"https:\/\/static.xx.fbcdn.net\/images\/emoji.php\/v9\/tdd\/1\/16\/1f4b3.png\" alt=\"\ud83d\udcb3\" width=\"16\" height=\"16\" \/><\/span> C\u00f3 ng\u0103n \u0111\u1ec3 namecard ho\u1eb7c ATM ti\u1ec7n l\u1ee3i, nhi\u1ec1u m\u00e0u s\u1eafc l\u1ef1a ch\u1ecdn th\u1ec3 hi\u1ec7n c\u00e1 t\u00ednh.<\/div>\n<div dir=\"auto\"><span class=\"x3nfvp2 x1j61x8r x1fcty0u xdj266r xhhsvwb xat24cr xgzva0m xxymvpz xlup9mm x1kky2od\"><img loading=\"lazy\" decoding=\"async\" class=\"xz74otr\" src=\"https:\/\/static.xx.fbcdn.net\/images\/emoji.php\/v9\/tc\/1\/16\/1f449_1f3fb.png\" alt=\"\ud83d\udc49\ud83c\udffb\" width=\"16\" height=\"16\" \/><\/span> Thi\u1ebft k\u1ebf ng\u0103n b\u1ea3o v\u1ec7 c\u1ee5m camera sau k\u00e9o ra k\u00e9o v\u00f4 ch\u1ed1ng tr\u1ea7y x\u01b0\u1edbc , ch\u1ed1ng va \u0111\u1eadp<\/div>\n<\/div>\n<div dir=\"auto\"><\/div>\n<div dir=\"auto\"><img loading=\"lazy\" decoding=\"async\" class=\"alignnone size-medium wp-image-8526\" src=\"https:\/\/tanphulinhphukien.vn\/wp-content\/uploads\/2024\/01\/396279889_3606132079628711_4955630147127126916_n-225x300.jpeg\" alt=\"\" width=\"225\" height=\"300\" \/> <img loading=\"lazy\" decoding=\"async\" class=\"alignnone size-medium wp-image-8527\" src=\"https:\/\/tanphulinhphukien.vn\/wp-content\/uploads\/2024\/01\/396725244_3606132242962028_5287774224961954267_n-225x300.jpeg\" alt=\"\" width=\"225\" height=\"300\" \/> <img loading=\"lazy\" decoding=\"async\" class=\"alignnone size-medium wp-image-8528\" src=\"https:\/\/tanphulinhphukien.vn\/wp-content\/uploads\/2024\/01\/396725432_3606132106295375_705542420630374738_n-225x300.jpeg\" alt=\"\" width=\"225\" height=\"300\" \/> <img loading=\"lazy\" decoding=\"async\" class=\"alignnone size-medium wp-image-8529\" src=\"https:\/\/tanphulinhphukien.vn\/wp-content\/uploads\/2024\/01\/398930032_3606132212962031_8376985142986370246_n-225x300.jpeg\" alt=\"\" width=\"225\" height=\"300\" \/> <img loading=\"lazy\" decoding=\"async\" class=\"alignnone size-medium wp-image-8530\" src=\"https:\/\/tanphulinhphukien.vn\/wp-content\/uploads\/2024\/01\/398959242_3606132166295369_4114409817594925840_n-225x300.jpeg\" alt=\"\" width=\"225\" height=\"300\" \/> <img loading=\"lazy\" decoding=\"async\" class=\"alignnone size-medium wp-image-8531\" src=\"https:\/\/tanphulinhphukien.vn\/wp-content\/uploads\/2024\/01\/398974064_3606132252962027_3991167825122651541_n-225x300.jpeg\" alt=\"\" width=\"225\" height=\"300\" \/><\/div>\n","protected":false},"excerpt":{"rendered":"<p>Bao Da #NiLLKiN QIN PRO \uf8ff D\u00e0nh cho #iPhoneProMax \u2022 Thi\u1ebft k\u1ebf chu\u1ea9n x\u00e1c t\u1eebng chi ti\u1ebft v\u1edbi ch\u1ea5t li\u1ec7u #DA_PU cao c\u1ea5p, m\u1ecbn m\u00e0n, t\u1ea1o c\u1ea3m gi\u00e1c sang tr\u1ecdng h\u01a1n cho ng\u01b0\u1eddi d\u00f9ng \u2022 Bao da m\u1ecfng g\u1ecdn, khung gi\u1eef m\u00e1y l\u00e0 nh\u1ef1a PC cao c\u1ea5p \u0111\u01b0\u1ee3c ph\u1ee7 l\u1edbp nhung b\u1ea3o v\u1ec7, ch\u1ed1ng tr\u1ea7y &#8230; <a title=\"Bao Da iPhone 15ProMax NiLLKiN QIN PRO\" class=\"read-more\" href=\"https:\/\/tanphulinhphukien.vn\/?product=bao-da-iphone-15promax-nillkin-qin-pro\" aria-label=\"More on Bao Da iPhone 15ProMax NiLLKiN QIN PRO\">\u0110\u1ecdc ti\u1ebfp<\/a><\/p>\n","protected":false},"featured_media":8688,"comment_status":"closed","ping_status":"closed","template":"","meta":[],"product_brand":[],"product_cat":[50,19],"product_tag":[],"class_list":{"0":"post-8525","1":"product","2":"type-product","3":"status-publish","4":"has-post-thumbnail","6":"product_cat-op-lung-iphone","7":"product_cat-phu-kien","9":"first","10":"instock","11":"shipping-taxable","12":"purchasable","13":"product-type-simple"},"_links":{"self":[{"href":"https:\/\/tanphulinhphukien.vn\/index.php?rest_route=\/wp\/v2\/product\/8525","targetHints":{"allow":["GET"]}}],"collection":[{"href":"https:\/\/tanphulinhphukien.vn\/index.php?rest_route=\/wp\/v2\/product"}],"about":[{"href":"https:\/\/tanphulinhphukien.vn\/index.php?rest_route=\/wp\/v2\/types\/product"}],"replies":[{"embeddable":true,"href":"https:\/\/tanphulinhphukien.vn\/index.php?rest_route=%2Fwp%2Fv2%2Fcomments&post=8525"}],"wp:featuredmedia":[{"embeddable":true,"href":"https:\/\/tanphulinhphukien.vn\/index.php?rest_route=\/wp\/v2\/media\/8688"}],"wp:attachment":[{"href":"https:\/\/tanphulinhphukien.vn\/index.php?rest_route=%2Fwp%2Fv2%2Fmedia&parent=8525"}],"wp:term":[{"taxonomy":"product_brand","embeddable":true,"href":"https:\/\/tanphulinhphukien.vn\/index.php?rest_route=%2Fwp%2Fv2%2Fproduct_brand&post=8525"},{"taxonomy":"product_cat","embeddable":true,"href":"https:\/\/tanphulinhphukien.vn\/index.php?rest_route=%2Fwp%2Fv2%2Fproduct_cat&post=8525"},{"taxonomy":"product_tag","embeddable":true,"href":"https:\/\/tanphulinhphukien.vn\/index.php?rest_route=%2Fwp%2Fv2%2Fproduct_tag&post=8525"}],"curies":[{"name":"wp","href":"https:\/\/api.w.org\/{rel}","templated":true}]}}