{"id":7357,"date":"2023-07-06T10:56:17","date_gmt":"2023-07-06T03:56:17","guid":{"rendered":"https:\/\/tanphulinhphukien.vn\/?post_type=product&#038;p=7357"},"modified":"2024-01-08T09:37:08","modified_gmt":"2024-01-08T02:37:08","slug":"sac-du-phong-anker-series-5-a1287","status":"publish","type":"product","link":"https:\/\/tanphulinhphukien.vn\/?product=sac-du-phong-anker-series-5-a1287","title":{"rendered":"S\u1ea1c d\u1ef1 ph\u00f2ng #ANKER SERIES 5 (A1287)"},"content":{"rendered":"<p>S\u1ea1c d\u1ef1 ph\u00f2ng #ANKER SERIES 5 (A1287)<br \/>\n\ud835\udde3\ud835\uddfc\ud835\ude04\ud835\uddf2\ud835\uddff\ud835\uddd6\ud835\uddfc\ud835\uddff\ud835\uddf2 \ud835\uddd8\ud835\ude00\ud835\ude00\ud835\uddf2\ud835\uddfb\ud835\ude01\ud835\uddf6\ud835\uddee\ud835\uddf9 \ud835\udfee\ud835\udfec.\ud835\udfec\ud835\udfec\ud835\udfec\ud835\uddfa\ud835\uddd4\ud835\uddf5 \ud835\udde3\ud835\uddd7<br \/>\nH\u00e0ng n\u1ed9i \u0111\u1ecba TRUNG \ud83c\udde8\ud83c\uddf3 ch\u00ednh ANKER<\/p>\n<p>\ud83d\udc49 L\u00f5i PIN Polymer mang l\u1ea1i s\u1ef1 m\u1ecfng nh\u1eb9 v\u01b0\u1ee3t tr\u1ed9i h\u01a1n th\u1ebf h\u1ec7 tr\u01b0\u1edbc . Thi\u1ebft k\u1ebf thon g\u1ecdn , d\u1eb9p v\u00e0 ch\u1ec9 n\u1eb7ng 345,5g chu\u1ea9n x\u00e1ch tay \u0111i m\u00e1y bay<br \/>\n\ud83d\udc49 T\u00edch h\u1ee3p 2 c\u1ed5ng s\u1ea1c :<\/p>\n<p>* USB (A) : H\u1ed7 tr\u1ee3 s\u1ea1c nhanh \ud835\udde3\ud835\uddfc\ud835\ude04\ud835\uddf2\ud835\uddff \ud835\udddc\ud835\udde4 3.0 \u0111\u1ed9c quy\u1ec1n c\u1ee7a Anker t\u1ef1 \u0111\u1ed9ng \u0111i\u1ec1u ch\u1ec9nh d\u00f2ng \u0111i\u1ec7n ph\u00f9 h\u1ee3p v\u1edbi thi\u1ebft b\u1ecb cho t\u1ed1c \u0111\u1ed9 s\u1ea1c nhanh nh\u1ea5t<br \/>\n* USB-C (Type-C) s\u1ea1c nhanh 2 chi\u1ec1u (out\/in) 20W \ud835\udde3\ud835\uddfc\ud835\ude04\ud835\uddf2\ud835\uddff \ud835\uddd7\ud835\uddf2\ud835\uddf9\ud835\uddf6\ud835\ude03\ud835\uddf2\ud835\uddff\ud835\ude06(PD)<\/p>\n<p>\u2705 H\u1ec7 th\u1ed1ng b\u1ea3o v\u1ec7 vi m\u1ea1ch th\u00f4ng minh \ud835\udde0\ud835\ude02\ud835\uddf9\ud835\ude01\ud835\uddf6 \ud835\udde3\ud835\uddff\ud835\uddfc\ud835\ude01\ud835\uddf2\ud835\uddf0\ud835\ude01 gi\u00fap ki\u1ec3m so\u00e1t hi\u1ec7u qu\u1ea3 nhi\u1ec7t \u0111\u1ed9 v\u00e0 \u0111\u1ed9 \u1ed5n \u0111\u1ecbnh \u0111i\u1ec7n \u00e1o \u0111\u1ea7u ra<br \/>\n\ud83d\udc49\ud83c\udffb T\u1eeb \u0111\u00f3 ng\u0103n ng\u1eeba c\u00e1c nguy c\u01a1 nh\u01b0 qu\u00e1 d\u00f2ng , qu\u00e1 t\u1ea3i , qu\u00e1 nhi\u1ec7t , r\u00f2 r\u1ec9 \u0111i\u1ec7n gi\u00fap \u0111\u1ea3m b\u1ea3o s\u1ef1 an to\u00e0n cho c\u1ea3 PIN v\u00e0 thi\u1ebft b\u1ecb \u0111\u01b0\u1ee3c s\u1ea1c<\/p>\n<p>\u2705 C\u00f4ng ngh\u1ec7 \ud835\udde9\ud835\uddfc\ud835\uddf9\ud835\ude01\ud835\uddee\ud835\uddf4\ud835\uddf2 \ud835\uddd5\ud835\uddfc\ud835\uddfc\ud835\ude00\ud835\ude01 : t\u1ef1 \u0111\u1ed9ng nh\u1eadn di\u1ec7n ra \u0111i\u1ec7n tr\u1edf c\u1ee7a d\u00e2y s\u1ea1c \u0111\u1ec3 t\u0103ng d\u00f2ng \u0111i\u1ec7n th\u00edch h\u1ee3p<\/p>\n","protected":false},"excerpt":{"rendered":"<p>S\u1ea1c d\u1ef1 ph\u00f2ng #ANKER SERIES 5 (A1287) \ud835\udde3\ud835\uddfc\ud835\ude04\ud835\uddf2\ud835\uddff\ud835\uddd6\ud835\uddfc\ud835\uddff\ud835\uddf2 \ud835\uddd8\ud835\ude00\ud835\ude00\ud835\uddf2\ud835\uddfb\ud835\ude01\ud835\uddf6\ud835\uddee\ud835\uddf9 \ud835\udfee\ud835\udfec.\ud835\udfec\ud835\udfec\ud835\udfec\ud835\uddfa\ud835\uddd4\ud835\uddf5 \ud835\udde3\ud835\uddd7 H\u00e0ng n\u1ed9i \u0111\u1ecba TRUNG \ud83c\udde8\ud83c\uddf3 ch\u00ednh ANKER \ud83d\udc49 L\u00f5i PIN Polymer mang l\u1ea1i s\u1ef1 m\u1ecfng nh\u1eb9 v\u01b0\u1ee3t tr\u1ed9i h\u01a1n th\u1ebf h\u1ec7 tr\u01b0\u1edbc . Thi\u1ebft k\u1ebf thon g\u1ecdn , d\u1eb9p v\u00e0 ch\u1ec9 n\u1eb7ng 345,5g chu\u1ea9n x\u00e1ch tay \u0111i m\u00e1y bay \ud83d\udc49 T\u00edch h\u1ee3p 2 c\u1ed5ng &#8230; <a title=\"S\u1ea1c d\u1ef1 ph\u00f2ng #ANKER SERIES 5 (A1287)\" class=\"read-more\" href=\"https:\/\/tanphulinhphukien.vn\/?product=sac-du-phong-anker-series-5-a1287\" aria-label=\"More on S\u1ea1c d\u1ef1 ph\u00f2ng #ANKER SERIES 5 (A1287)\">\u0110\u1ecdc ti\u1ebfp<\/a><\/p>\n","protected":false},"featured_media":7361,"comment_status":"closed","ping_status":"closed","template":"","meta":[],"product_brand":[],"product_cat":[530,19,526],"product_tag":[547],"class_list":{"0":"post-7357","1":"product","2":"type-product","3":"status-publish","4":"has-post-thumbnail","6":"product_cat-anker","7":"product_cat-phu-kien","8":"product_cat-sac-du-phong-phu-kien","9":"product_tag-sac-du-phong-anker-a1287","11":"first","12":"instock","13":"shipping-taxable","14":"purchasable","15":"product-type-simple"},"_links":{"self":[{"href":"https:\/\/tanphulinhphukien.vn\/index.php?rest_route=\/wp\/v2\/product\/7357","targetHints":{"allow":["GET"]}}],"collection":[{"href":"https:\/\/tanphulinhphukien.vn\/index.php?rest_route=\/wp\/v2\/product"}],"about":[{"href":"https:\/\/tanphulinhphukien.vn\/index.php?rest_route=\/wp\/v2\/types\/product"}],"replies":[{"embeddable":true,"href":"https:\/\/tanphulinhphukien.vn\/index.php?rest_route=%2Fwp%2Fv2%2Fcomments&post=7357"}],"wp:featuredmedia":[{"embeddable":true,"href":"https:\/\/tanphulinhphukien.vn\/index.php?rest_route=\/wp\/v2\/media\/7361"}],"wp:attachment":[{"href":"https:\/\/tanphulinhphukien.vn\/index.php?rest_route=%2Fwp%2Fv2%2Fmedia&parent=7357"}],"wp:term":[{"taxonomy":"product_brand","embeddable":true,"href":"https:\/\/tanphulinhphukien.vn\/index.php?rest_route=%2Fwp%2Fv2%2Fproduct_brand&post=7357"},{"taxonomy":"product_cat","embeddable":true,"href":"https:\/\/tanphulinhphukien.vn\/index.php?rest_route=%2Fwp%2Fv2%2Fproduct_cat&post=7357"},{"taxonomy":"product_tag","embeddable":true,"href":"https:\/\/tanphulinhphukien.vn\/index.php?rest_route=%2Fwp%2Fv2%2Fproduct_tag&post=7357"}],"curies":[{"name":"wp","href":"https:\/\/api.w.org\/{rel}","templated":true}]}}