{"id":6763,"date":"2023-06-25T10:23:41","date_gmt":"2023-06-25T03:23:41","guid":{"rendered":"https:\/\/tanphulinhphukien.vn\/?post_type=product&#038;p=6763"},"modified":"2023-06-25T10:23:42","modified_gmt":"2023-06-25T03:23:42","slug":"op-memumi-superthin-0-3mm","status":"publish","type":"product","link":"https:\/\/tanphulinhphukien.vn\/?product=op-memumi-superthin-0-3mm","title":{"rendered":"\u1ed0p Memumi SuperThin 0.3mm"},"content":{"rendered":"<p>\ud83d\udccc \u1ed0p si\u00eau m\u1ecfng #\ud835\udc0c\ud835\udc04\ud835\udc0c\ud835\udc14\ud835\udc0c\ud835\udc08<br \/>\n\ud835\udc12\ud835\udc2e\ud835\udc29\ud835\udc1e\ud835\udc2b\ud835\udc13\ud835\udc21\ud835\udc22\ud835\udc27 0.3mm<br \/>\n\uf8ff #iPhone 14Pro \u2022 14ProMax<\/p>\n<p>\ud83d\udd90\ud83c\udffb \u1ed0p si\u00eau m\u1ecfng \ud835\udfce.\ud835\udfd1\ud835\udc26\ud835\udc26 mang l\u1ea1i c\u1ea3m gi\u00e1c s\u1eed d\u1ee5ng \u1ed1p l\u01b0ng nh\u01b0 kh\u00f4ng c\u00f3 \u1ed1p<\/p>\n<p>\ud83d\udc49 Thi\u1ebft k\u1ebf \u0111\u01a1n gi\u1ea3n . tinh t\u1ebf<br \/>\n\ud83d\udc49 \u00d4m s\u00e1t to\u00e0n b\u1ed9 vi\u1ec1n , m\u1eb7t l\u01b0ng v\u00e0 c\u1ee5m camera sau c\u1ee7a m\u00e1y<\/p>\n","protected":false},"excerpt":{"rendered":"<p>\ud83d\udccc \u1ed0p si\u00eau m\u1ecfng #\ud835\udc0c\ud835\udc04\ud835\udc0c\ud835\udc14\ud835\udc0c\ud835\udc08 \ud835\udc12\ud835\udc2e\ud835\udc29\ud835\udc1e\ud835\udc2b\ud835\udc13\ud835\udc21\ud835\udc22\ud835\udc27 0.3mm \uf8ff #iPhone 14Pro \u2022 14ProMax \ud83d\udd90\ud83c\udffb \u1ed0p si\u00eau m\u1ecfng \ud835\udfce.\ud835\udfd1\ud835\udc26\ud835\udc26 mang l\u1ea1i c\u1ea3m gi\u00e1c s\u1eed d\u1ee5ng \u1ed1p l\u01b0ng nh\u01b0 kh\u00f4ng c\u00f3 \u1ed1p \ud83d\udc49 Thi\u1ebft k\u1ebf \u0111\u01a1n gi\u1ea3n . tinh t\u1ebf \ud83d\udc49 \u00d4m s\u00e1t to\u00e0n b\u1ed9 vi\u1ec1n , m\u1eb7t l\u01b0ng v\u00e0 c\u1ee5m camera sau c\u1ee7a m\u00e1y<\/p>\n","protected":false},"featured_media":6768,"comment_status":"closed","ping_status":"closed","template":"","meta":[],"product_brand":[],"product_cat":[50,19],"product_tag":[],"class_list":{"0":"post-6763","1":"product","2":"type-product","3":"status-publish","4":"has-post-thumbnail","6":"product_cat-op-lung-iphone","7":"product_cat-phu-kien","9":"first","10":"instock","11":"shipping-taxable","12":"purchasable","13":"product-type-simple"},"_links":{"self":[{"href":"https:\/\/tanphulinhphukien.vn\/index.php?rest_route=\/wp\/v2\/product\/6763","targetHints":{"allow":["GET"]}}],"collection":[{"href":"https:\/\/tanphulinhphukien.vn\/index.php?rest_route=\/wp\/v2\/product"}],"about":[{"href":"https:\/\/tanphulinhphukien.vn\/index.php?rest_route=\/wp\/v2\/types\/product"}],"replies":[{"embeddable":true,"href":"https:\/\/tanphulinhphukien.vn\/index.php?rest_route=%2Fwp%2Fv2%2Fcomments&post=6763"}],"wp:featuredmedia":[{"embeddable":true,"href":"https:\/\/tanphulinhphukien.vn\/index.php?rest_route=\/wp\/v2\/media\/6768"}],"wp:attachment":[{"href":"https:\/\/tanphulinhphukien.vn\/index.php?rest_route=%2Fwp%2Fv2%2Fmedia&parent=6763"}],"wp:term":[{"taxonomy":"product_brand","embeddable":true,"href":"https:\/\/tanphulinhphukien.vn\/index.php?rest_route=%2Fwp%2Fv2%2Fproduct_brand&post=6763"},{"taxonomy":"product_cat","embeddable":true,"href":"https:\/\/tanphulinhphukien.vn\/index.php?rest_route=%2Fwp%2Fv2%2Fproduct_cat&post=6763"},{"taxonomy":"product_tag","embeddable":true,"href":"https:\/\/tanphulinhphukien.vn\/index.php?rest_route=%2Fwp%2Fv2%2Fproduct_tag&post=6763"}],"curies":[{"name":"wp","href":"https:\/\/api.w.org\/{rel}","templated":true}]}}