{"id":6739,"date":"2023-06-25T10:15:20","date_gmt":"2023-06-25T03:15:20","guid":{"rendered":"https:\/\/tanphulinhphukien.vn\/?post_type=product&#038;p=6739"},"modified":"2023-06-25T10:15:20","modified_gmt":"2023-06-25T03:15:20","slug":"op-nillkin-magnetic-trong-vien-tim-14promax","status":"publish","type":"product","link":"https:\/\/tanphulinhphukien.vn\/?product=op-nillkin-magnetic-trong-vien-tim-14promax","title":{"rendered":"\u1ed0p Nillkin Magnetic Trong Vi\u1ec1n T\u00edm 14ProMax"},"content":{"rendered":"<p>Magnetic Case NILLKIN Nature TPU Pro Case d\u00e0nh cho iPhone 14ProMax<\/p>\n<blockquote><p>\ud83d\udc49\ud83c\udffb C\u00f3 t\u00edch h\u1ee3p s\u1ea1c Magsafe<br \/>\n\ud83d\udc49\ud83c\udffb Ch\u1ea5t li\u1ec7u TPU v\u00e0 PC<br \/>\n\ud83d\udc49\ud83c\udffb C\u00f3 2 M\u00e0u Trong Su\u1ed1t &amp; Vi\u1ec1n T\u00edm theo m\u00e0u m\u00e1y<\/p><\/blockquote>\n","protected":false},"excerpt":{"rendered":"<p>Magnetic Case NILLKIN Nature TPU Pro Case d\u00e0nh cho iPhone 14ProMax \ud83d\udc49\ud83c\udffb C\u00f3 t\u00edch h\u1ee3p s\u1ea1c Magsafe \ud83d\udc49\ud83c\udffb Ch\u1ea5t li\u1ec7u TPU v\u00e0 PC \ud83d\udc49\ud83c\udffb C\u00f3 2 M\u00e0u Trong Su\u1ed1t &amp; Vi\u1ec1n T\u00edm theo m\u00e0u m\u00e1y<\/p>\n","protected":false},"featured_media":6746,"comment_status":"closed","ping_status":"closed","template":"","meta":[],"product_brand":[],"product_cat":[50,19],"product_tag":[],"class_list":{"0":"post-6739","1":"product","2":"type-product","3":"status-publish","4":"has-post-thumbnail","6":"product_cat-op-lung-iphone","7":"product_cat-phu-kien","9":"first","10":"instock","11":"shipping-taxable","12":"purchasable","13":"product-type-simple"},"_links":{"self":[{"href":"https:\/\/tanphulinhphukien.vn\/index.php?rest_route=\/wp\/v2\/product\/6739","targetHints":{"allow":["GET"]}}],"collection":[{"href":"https:\/\/tanphulinhphukien.vn\/index.php?rest_route=\/wp\/v2\/product"}],"about":[{"href":"https:\/\/tanphulinhphukien.vn\/index.php?rest_route=\/wp\/v2\/types\/product"}],"replies":[{"embeddable":true,"href":"https:\/\/tanphulinhphukien.vn\/index.php?rest_route=%2Fwp%2Fv2%2Fcomments&post=6739"}],"wp:featuredmedia":[{"embeddable":true,"href":"https:\/\/tanphulinhphukien.vn\/index.php?rest_route=\/wp\/v2\/media\/6746"}],"wp:attachment":[{"href":"https:\/\/tanphulinhphukien.vn\/index.php?rest_route=%2Fwp%2Fv2%2Fmedia&parent=6739"}],"wp:term":[{"taxonomy":"product_brand","embeddable":true,"href":"https:\/\/tanphulinhphukien.vn\/index.php?rest_route=%2Fwp%2Fv2%2Fproduct_brand&post=6739"},{"taxonomy":"product_cat","embeddable":true,"href":"https:\/\/tanphulinhphukien.vn\/index.php?rest_route=%2Fwp%2Fv2%2Fproduct_cat&post=6739"},{"taxonomy":"product_tag","embeddable":true,"href":"https:\/\/tanphulinhphukien.vn\/index.php?rest_route=%2Fwp%2Fv2%2Fproduct_tag&post=6739"}],"curies":[{"name":"wp","href":"https:\/\/api.w.org\/{rel}","templated":true}]}}