{"id":6581,"date":"2023-06-24T16:31:51","date_gmt":"2023-06-24T09:31:51","guid":{"rendered":"https:\/\/tanphulinhphukien.vn\/?post_type=product&#038;p=6581"},"modified":"2023-06-24T16:31:51","modified_gmt":"2023-06-24T09:31:51","slug":"tau-sac-oto-grain-pro-chinh-hang-baseus","status":"publish","type":"product","link":"https:\/\/tanphulinhphukien.vn\/?product=tau-sac-oto-grain-pro-chinh-hang-baseus","title":{"rendered":"T\u1ea9u s\u1ea1c \u00d4t\u00f4 Grain Pro ch\u00ednh h\u00e3ng Baseus"},"content":{"rendered":"<p>\ud83d\ude97 T\u1ea9u s\u1ea1c \u00d4t\u00f4 &#8211; Grain Pro<br \/>\n\ud83d\ude99 ch\u00ednh h\u00e3ng \ud835\udc01\ud835\udc1a\ud835\udc2c\ud835\udc1e\ud835\udc2e\ud835\udc2c<\/p>\n<p>\u2714\ufe0fThi\u1ebft k\u1ebf nh\u1ecf g\u1ecdn , Ch\u1ea5t li\u1ec7u nh\u1ef1a \ud835\udde3\ud835\uddd6+\ud835\uddd4\ud835\uddd5\ud835\udde6 ch\u1ed1ng ch\u00e1y cao c\u1ea5p \u274c\ud83d\udd25<br \/>\n\u2714\ufe0f H\u1ed7 tr\u1ee3 s\u1ea1c \ud835\udfee \ud835\uddf0\ud835\uddfc\u0302\u0309\ud835\uddfb\ud835\uddf4 \ud835\udde8\ud835\udde6\ud835\uddd5 5V-4.8A Max<br \/>\n&#8211; \u0110\u1ea3m b\u1ea3o d\u00f2ng \u0111i\u1ec7n \u1ed5n \u0111\u1ecbnh &amp; ch\u1ed1ng nhi\u1ec5u s\u00f3ng\ud83d\udca5an to\u00e0n khi s\u1eed d\u1ee5ng \ud83d\udc4d\ud83c\udffb<\/p>\n<p>\u26a1\ufe0f \u0110\u1ea7u v\u00e0o \ud835\udfcf\ud835\udfd0\ud835\udc15-\ud835\udfd0\ud835\udfd2\ud835\udc15 t\u01b0\u01a1ng th\u00edch v\u1edbi h\u1ea7u h\u1ebft c\u00e1c lo\u1ea1i xe h\u01a1i hi\u1ec7n nay \ud83d\ude97\ud83d\ude95\ud83d\ude99<\/p>\n","protected":false},"excerpt":{"rendered":"<p>\ud83d\ude97 T\u1ea9u s\u1ea1c \u00d4t\u00f4 &#8211; Grain Pro \ud83d\ude99 ch\u00ednh h\u00e3ng \ud835\udc01\ud835\udc1a\ud835\udc2c\ud835\udc1e\ud835\udc2e\ud835\udc2c \u2714\ufe0fThi\u1ebft k\u1ebf nh\u1ecf g\u1ecdn , Ch\u1ea5t li\u1ec7u nh\u1ef1a \ud835\udde3\ud835\uddd6+\ud835\uddd4\ud835\uddd5\ud835\udde6 ch\u1ed1ng ch\u00e1y cao c\u1ea5p \u274c\ud83d\udd25 \u2714\ufe0f H\u1ed7 tr\u1ee3 s\u1ea1c \ud835\udfee \ud835\uddf0\ud835\uddfc\u0302\u0309\ud835\uddfb\ud835\uddf4 \ud835\udde8\ud835\udde6\ud835\uddd5 5V-4.8A Max &#8211; \u0110\u1ea3m b\u1ea3o d\u00f2ng \u0111i\u1ec7n \u1ed5n \u0111\u1ecbnh &amp; ch\u1ed1ng nhi\u1ec5u s\u00f3ng\ud83d\udca5an to\u00e0n khi s\u1eed d\u1ee5ng \ud83d\udc4d\ud83c\udffb \u26a1\ufe0f \u0110\u1ea7u v\u00e0o \ud835\udfcf\ud835\udfd0\ud835\udc15-\ud835\udfd0\ud835\udfd2\ud835\udc15 t\u01b0\u01a1ng &#8230; <a title=\"T\u1ea9u s\u1ea1c \u00d4t\u00f4 Grain Pro ch\u00ednh h\u00e3ng Baseus\" class=\"read-more\" href=\"https:\/\/tanphulinhphukien.vn\/?product=tau-sac-oto-grain-pro-chinh-hang-baseus\" aria-label=\"More on T\u1ea9u s\u1ea1c \u00d4t\u00f4 Grain Pro ch\u00ednh h\u00e3ng Baseus\">\u0110\u1ecdc ti\u1ebfp<\/a><\/p>\n","protected":false},"featured_media":6582,"comment_status":"closed","ping_status":"closed","template":"","meta":[],"product_brand":[],"product_cat":[19,535],"product_tag":[],"class_list":{"0":"post-6581","1":"product","2":"type-product","3":"status-publish","4":"has-post-thumbnail","6":"product_cat-phu-kien","7":"product_cat-phu-kien-oto","9":"first","10":"instock","11":"shipping-taxable","12":"purchasable","13":"product-type-simple"},"_links":{"self":[{"href":"https:\/\/tanphulinhphukien.vn\/index.php?rest_route=\/wp\/v2\/product\/6581","targetHints":{"allow":["GET"]}}],"collection":[{"href":"https:\/\/tanphulinhphukien.vn\/index.php?rest_route=\/wp\/v2\/product"}],"about":[{"href":"https:\/\/tanphulinhphukien.vn\/index.php?rest_route=\/wp\/v2\/types\/product"}],"replies":[{"embeddable":true,"href":"https:\/\/tanphulinhphukien.vn\/index.php?rest_route=%2Fwp%2Fv2%2Fcomments&post=6581"}],"wp:featuredmedia":[{"embeddable":true,"href":"https:\/\/tanphulinhphukien.vn\/index.php?rest_route=\/wp\/v2\/media\/6582"}],"wp:attachment":[{"href":"https:\/\/tanphulinhphukien.vn\/index.php?rest_route=%2Fwp%2Fv2%2Fmedia&parent=6581"}],"wp:term":[{"taxonomy":"product_brand","embeddable":true,"href":"https:\/\/tanphulinhphukien.vn\/index.php?rest_route=%2Fwp%2Fv2%2Fproduct_brand&post=6581"},{"taxonomy":"product_cat","embeddable":true,"href":"https:\/\/tanphulinhphukien.vn\/index.php?rest_route=%2Fwp%2Fv2%2Fproduct_cat&post=6581"},{"taxonomy":"product_tag","embeddable":true,"href":"https:\/\/tanphulinhphukien.vn\/index.php?rest_route=%2Fwp%2Fv2%2Fproduct_tag&post=6581"}],"curies":[{"name":"wp","href":"https:\/\/api.w.org\/{rel}","templated":true}]}}