{"id":6227,"date":"2023-06-23T19:32:25","date_gmt":"2023-06-23T12:32:25","guid":{"rendered":"https:\/\/tanphulinhphukien.vn\/?post_type=product&#038;p=6227"},"modified":"2023-06-23T19:34:20","modified_gmt":"2023-06-23T12:34:20","slug":"anker-powercore-fusion-prism-5k-sao-chep","status":"publish","type":"product","link":"https:\/\/tanphulinhphukien.vn\/?product=anker-powercore-fusion-prism-5k-sao-chep","title":{"rendered":"#ANKER PowerCore Fusion Prism 5K (Sao ch\u00e9p)"},"content":{"rendered":"<div class=\"xdj266r x11i5rnm xat24cr x1mh8g0r x1vvkbs x126k92a\">\n<div dir=\"auto\">S\u1ea1c d\u1ef1 ph\u00f2ng Anker 2 trong 1 h\u00ecnh th\u1ecfi son nh\u1ecf nh\u1eafn, c\u1ef1c n\u1eef t\u00ednh v\u00e0 ti\u1ec7n d\u1ee5ng &#8211; <a class=\"x1i10hfl xjbqb8w x6umtig x1b1mbwd xaqea5y xav7gou x9f619 x1ypdohk xt0psk2 xe8uvvx xdj266r x11i5rnm xat24cr x1mh8g0r xexx8yu x4uap5 x18d9i69 xkhd6sd x16tdsg8 x1hl2dhg xggy1nq x1a2a7pz xt0b8zv x1qq9wsj xo1l8bm\" tabindex=\"0\" role=\"link\" href=\"https:\/\/www.facebook.com\/hashtag\/anker?__eep__=6&amp;__cft__[0]=AZU-rjPK1Zi23t5P0FIwtA8XotOmHZ8kdZrpTl345kjEwUaX3_dWmiYr7lS_YV41vzfXiaxLmn_cgMIvyf4tGZyDGUwHIhTNXE34oUUulu-dBORpI_o1kfD1e558XPULd1n0-7iITd3rvZe2qGK9oO3-JhE22D53s_YwR5Xn-06LuRGIUb06lyzRJqkws98xKYebBF-mEEVZk5mqEC5CxAWb&amp;__tn__=*NK-R\">#ANKER<\/a><\/div>\n<div dir=\"auto\">PowerCore Fusion Prism 5K<\/div>\n<\/div>\n<div class=\"x11i5rnm xat24cr x1mh8g0r x1vvkbs xtlvy1s x126k92a\">\n<div dir=\"auto\"><span class=\"x3nfvp2 x1j61x8r x1fcty0u xdj266r xhhsvwb xat24cr xgzva0m xxymvpz xlup9mm x1kky2od\"><img loading=\"lazy\" decoding=\"async\" src=\"https:\/\/static.xx.fbcdn.net\/images\/emoji.php\/v9\/ta1\/1.5\/16\/1f484.png\" alt=\"\ud83d\udc84\" width=\"16\" height=\"16\" \/><\/span> \u0110\u00e2y l\u00e0 m\u1ed9t vi\u00ean pin d\u1ef1 ph\u00f2ng ki\u00eam c\u1ed1c s\u1ea1c. C\u1ef1c k\u1ef3 nh\u1ecf g\u1ecdn h\u00ecnh th\u1ecfi son v\u00e0 ti\u1ec7n d\u1ee5ng<\/div>\n<div dir=\"auto\"><span class=\"x3nfvp2 x1j61x8r x1fcty0u xdj266r xhhsvwb xat24cr xgzva0m xxymvpz xlup9mm x1kky2od\"><img loading=\"lazy\" decoding=\"async\" src=\"https:\/\/static.xx.fbcdn.net\/images\/emoji.php\/v9\/ta1\/1.5\/16\/1f484.png\" alt=\"\ud83d\udc84\" width=\"16\" height=\"16\" \/><\/span> \u0110\u1ea7u ra duy nh\u1ea5t l\u00e0 <a class=\"x1i10hfl xjbqb8w x6umtig x1b1mbwd xaqea5y xav7gou x9f619 x1ypdohk xt0psk2 xe8uvvx xdj266r x11i5rnm xat24cr x1mh8g0r xexx8yu x4uap5 x18d9i69 xkhd6sd x16tdsg8 x1hl2dhg xggy1nq x1a2a7pz xt0b8zv x1qq9wsj xo1l8bm\" tabindex=\"0\" role=\"link\" href=\"https:\/\/www.facebook.com\/hashtag\/type_c?__eep__=6&amp;__cft__[0]=AZU-rjPK1Zi23t5P0FIwtA8XotOmHZ8kdZrpTl345kjEwUaX3_dWmiYr7lS_YV41vzfXiaxLmn_cgMIvyf4tGZyDGUwHIhTNXE34oUUulu-dBORpI_o1kfD1e558XPULd1n0-7iITd3rvZe2qGK9oO3-JhE22D53s_YwR5Xn-06LuRGIUb06lyzRJqkws98xKYebBF-mEEVZk5mqEC5CxAWb&amp;__tn__=*NK-R\">#Type_C<\/a> n\u1eb1m \u1edf \u0111\u1ec9nh \u0111\u1ea7u, h\u1ed7 tr\u1ee3 s\u1ea1c nhanh v\u1edbi c\u00f4ng su\u1ea5t t\u1ed1i \u0111a <a class=\"x1i10hfl xjbqb8w x6umtig x1b1mbwd xaqea5y xav7gou x9f619 x1ypdohk xt0psk2 xe8uvvx xdj266r x11i5rnm xat24cr x1mh8g0r xexx8yu x4uap5 x18d9i69 xkhd6sd x16tdsg8 x1hl2dhg xggy1nq x1a2a7pz xt0b8zv x1qq9wsj xo1l8bm\" tabindex=\"0\" role=\"link\" href=\"https:\/\/www.facebook.com\/hashtag\/20w?__eep__=6&amp;__cft__[0]=AZU-rjPK1Zi23t5P0FIwtA8XotOmHZ8kdZrpTl345kjEwUaX3_dWmiYr7lS_YV41vzfXiaxLmn_cgMIvyf4tGZyDGUwHIhTNXE34oUUulu-dBORpI_o1kfD1e558XPULd1n0-7iITd3rvZe2qGK9oO3-JhE22D53s_YwR5Xn-06LuRGIUb06lyzRJqkws98xKYebBF-mEEVZk5mqEC5CxAWb&amp;__tn__=*NK-R\">#20W<\/a>. K\u00fd hi\u1ec7u <a class=\"x1i10hfl xjbqb8w x6umtig x1b1mbwd xaqea5y xav7gou x9f619 x1ypdohk xt0psk2 xe8uvvx xdj266r x11i5rnm xat24cr x1mh8g0r xexx8yu x4uap5 x18d9i69 xkhd6sd x16tdsg8 x1hl2dhg xggy1nq x1a2a7pz xt0b8zv x1qq9wsj xo1l8bm\" tabindex=\"0\" role=\"link\" href=\"https:\/\/www.facebook.com\/hashtag\/poweriq?__eep__=6&amp;__cft__[0]=AZU-rjPK1Zi23t5P0FIwtA8XotOmHZ8kdZrpTl345kjEwUaX3_dWmiYr7lS_YV41vzfXiaxLmn_cgMIvyf4tGZyDGUwHIhTNXE34oUUulu-dBORpI_o1kfD1e558XPULd1n0-7iITd3rvZe2qGK9oO3-JhE22D53s_YwR5Xn-06LuRGIUb06lyzRJqkws98xKYebBF-mEEVZk5mqEC5CxAWb&amp;__tn__=*NK-R\">#PowerIQ<\/a> 3.0 (c\u00f4ng ngh\u1ec7 s\u1ea1c th\u00f4ng minh \u0111\u1ed9c quy\u1ec1n c\u1ee7a Anker)<\/div>\n<\/div>\n<div class=\"x11i5rnm xat24cr x1mh8g0r x1vvkbs xtlvy1s x126k92a\">\n<div dir=\"auto\">&#8211; Dung l\u01b0\u1ee3ng <a class=\"x1i10hfl xjbqb8w x6umtig x1b1mbwd xaqea5y xav7gou x9f619 x1ypdohk xt0psk2 xe8uvvx xdj266r x11i5rnm xat24cr x1mh8g0r xexx8yu x4uap5 x18d9i69 xkhd6sd x16tdsg8 x1hl2dhg xggy1nq x1a2a7pz xt0b8zv x1qq9wsj xo1l8bm\" tabindex=\"0\" role=\"link\" href=\"https:\/\/www.facebook.com\/hashtag\/5000mah?__eep__=6&amp;__cft__[0]=AZU-rjPK1Zi23t5P0FIwtA8XotOmHZ8kdZrpTl345kjEwUaX3_dWmiYr7lS_YV41vzfXiaxLmn_cgMIvyf4tGZyDGUwHIhTNXE34oUUulu-dBORpI_o1kfD1e558XPULd1n0-7iITd3rvZe2qGK9oO3-JhE22D53s_YwR5Xn-06LuRGIUb06lyzRJqkws98xKYebBF-mEEVZk5mqEC5CxAWb&amp;__tn__=*NK-R\">#5000mAh<\/a><\/div>\n<div dir=\"auto\">&#8211; 3 m\u00e0u : \u0110EN \u2022 H\u1ed3ng \u2022 Xanh<\/div>\n<\/div>\n<div class=\"x11i5rnm xat24cr x1mh8g0r x1vvkbs xtlvy1s x126k92a\">\n<div dir=\"auto\"><span class=\"x3nfvp2 x1j61x8r x1fcty0u xdj266r xhhsvwb xat24cr xgzva0m xxymvpz xlup9mm x1kky2od\"><img loading=\"lazy\" decoding=\"async\" src=\"https:\/\/static.xx.fbcdn.net\/images\/emoji.php\/v9\/t51\/1.5\/16\/2795.png\" alt=\"\u2795\" width=\"16\" height=\"16\" \/><\/span> 2 trong 1 : m\u1ed9t c\u1ee7 s\u1ea1c \u0111\u00fang ngh\u0129a v\u1edbi tr\u1ea5u c\u1eafm t\u00edch h\u1ee3p b\u00ean d\u01b0\u1edbi. Tr\u1ea5u c\u1eafm n\u00e0y b\u00ecnh th\u01b0\u1eddng c\u00f3 th\u1ec3 gi\u1ea5u \u1ea9n v\u00e0o trong, khi c\u1ea7n d\u00f9ng th\u00ec k\u00e9o ra r\u1ea5t ti\u1ec7n.<\/div>\n<\/div>\n","protected":false},"excerpt":{"rendered":"<p>S\u1ea1c d\u1ef1 ph\u00f2ng Anker 2 trong 1 h\u00ecnh th\u1ecfi son nh\u1ecf nh\u1eafn, c\u1ef1c n\u1eef t\u00ednh v\u00e0 ti\u1ec7n d\u1ee5ng &#8211; #ANKER PowerCore Fusion Prism 5K \u0110\u00e2y l\u00e0 m\u1ed9t vi\u00ean pin d\u1ef1 ph\u00f2ng ki\u00eam c\u1ed1c s\u1ea1c. C\u1ef1c k\u1ef3 nh\u1ecf g\u1ecdn h\u00ecnh th\u1ecfi son v\u00e0 ti\u1ec7n d\u1ee5ng \u0110\u1ea7u ra duy nh\u1ea5t l\u00e0 #Type_C n\u1eb1m \u1edf \u0111\u1ec9nh \u0111\u1ea7u, h\u1ed7 &#8230; <a title=\"#ANKER PowerCore Fusion Prism 5K (Sao ch\u00e9p)\" class=\"read-more\" href=\"https:\/\/tanphulinhphukien.vn\/?product=anker-powercore-fusion-prism-5k-sao-chep\" aria-label=\"More on #ANKER PowerCore Fusion Prism 5K (Sao ch\u00e9p)\">\u0110\u1ecdc ti\u1ebfp<\/a><\/p>\n","protected":false},"featured_media":6225,"comment_status":"closed","ping_status":"closed","template":"","meta":[],"product_brand":[],"product_cat":[530],"product_tag":[],"class_list":{"0":"post-6227","1":"product","2":"type-product","3":"status-publish","4":"has-post-thumbnail","6":"product_cat-anker","8":"first","9":"instock","10":"shipping-taxable","11":"purchasable","12":"product-type-simple"},"_links":{"self":[{"href":"https:\/\/tanphulinhphukien.vn\/index.php?rest_route=\/wp\/v2\/product\/6227","targetHints":{"allow":["GET"]}}],"collection":[{"href":"https:\/\/tanphulinhphukien.vn\/index.php?rest_route=\/wp\/v2\/product"}],"about":[{"href":"https:\/\/tanphulinhphukien.vn\/index.php?rest_route=\/wp\/v2\/types\/product"}],"replies":[{"embeddable":true,"href":"https:\/\/tanphulinhphukien.vn\/index.php?rest_route=%2Fwp%2Fv2%2Fcomments&post=6227"}],"wp:featuredmedia":[{"embeddable":true,"href":"https:\/\/tanphulinhphukien.vn\/index.php?rest_route=\/wp\/v2\/media\/6225"}],"wp:attachment":[{"href":"https:\/\/tanphulinhphukien.vn\/index.php?rest_route=%2Fwp%2Fv2%2Fmedia&parent=6227"}],"wp:term":[{"taxonomy":"product_brand","embeddable":true,"href":"https:\/\/tanphulinhphukien.vn\/index.php?rest_route=%2Fwp%2Fv2%2Fproduct_brand&post=6227"},{"taxonomy":"product_cat","embeddable":true,"href":"https:\/\/tanphulinhphukien.vn\/index.php?rest_route=%2Fwp%2Fv2%2Fproduct_cat&post=6227"},{"taxonomy":"product_tag","embeddable":true,"href":"https:\/\/tanphulinhphukien.vn\/index.php?rest_route=%2Fwp%2Fv2%2Fproduct_tag&post=6227"}],"curies":[{"name":"wp","href":"https:\/\/api.w.org\/{rel}","templated":true}]}}