{"id":6194,"date":"2023-06-23T19:24:04","date_gmt":"2023-06-23T12:24:04","guid":{"rendered":"https:\/\/tanphulinhphukien.vn\/?post_type=product&#038;p=6194"},"modified":"2023-06-23T19:24:04","modified_gmt":"2023-06-23T12:24:04","slug":"op-lung-loang-mau-magsafe-chinh-hang-likgus","status":"publish","type":"product","link":"https:\/\/tanphulinhphukien.vn\/?product=op-lung-loang-mau-magsafe-chinh-hang-likgus","title":{"rendered":"\u1ed0p l\u01b0ng loang m\u00e0u Magsafe ch\u00ednh h\u00e3ng Likgus"},"content":{"rendered":"<p>\u1ed0p trong l\u01b0ng m\u00e0u c\u1ef1c \u0111\u1eb9p<br \/>\n\u2022 H\u1ed5 tr\u1ee3 s\u1ea1c magsafe<br \/>\nch\u00ednh h\u00e3ng Likgus<\/p>\n<p>\uf8ff iPhone 14Pro Max<\/p>\n","protected":false},"excerpt":{"rendered":"<p>\u1ed0p trong l\u01b0ng m\u00e0u c\u1ef1c \u0111\u1eb9p \u2022 H\u1ed5 tr\u1ee3 s\u1ea1c magsafe ch\u00ednh h\u00e3ng Likgus \uf8ff iPhone 14Pro Max<\/p>\n","protected":false},"featured_media":6198,"comment_status":"closed","ping_status":"closed","template":"","meta":[],"product_brand":[],"product_cat":[50,19],"product_tag":[532],"class_list":{"0":"post-6194","1":"product","2":"type-product","3":"status-publish","4":"has-post-thumbnail","6":"product_cat-op-lung-iphone","7":"product_cat-phu-kien","8":"product_tag-op-lung-likgus","10":"first","11":"instock","12":"shipping-taxable","13":"purchasable","14":"product-type-simple"},"_links":{"self":[{"href":"https:\/\/tanphulinhphukien.vn\/index.php?rest_route=\/wp\/v2\/product\/6194","targetHints":{"allow":["GET"]}}],"collection":[{"href":"https:\/\/tanphulinhphukien.vn\/index.php?rest_route=\/wp\/v2\/product"}],"about":[{"href":"https:\/\/tanphulinhphukien.vn\/index.php?rest_route=\/wp\/v2\/types\/product"}],"replies":[{"embeddable":true,"href":"https:\/\/tanphulinhphukien.vn\/index.php?rest_route=%2Fwp%2Fv2%2Fcomments&post=6194"}],"wp:featuredmedia":[{"embeddable":true,"href":"https:\/\/tanphulinhphukien.vn\/index.php?rest_route=\/wp\/v2\/media\/6198"}],"wp:attachment":[{"href":"https:\/\/tanphulinhphukien.vn\/index.php?rest_route=%2Fwp%2Fv2%2Fmedia&parent=6194"}],"wp:term":[{"taxonomy":"product_brand","embeddable":true,"href":"https:\/\/tanphulinhphukien.vn\/index.php?rest_route=%2Fwp%2Fv2%2Fproduct_brand&post=6194"},{"taxonomy":"product_cat","embeddable":true,"href":"https:\/\/tanphulinhphukien.vn\/index.php?rest_route=%2Fwp%2Fv2%2Fproduct_cat&post=6194"},{"taxonomy":"product_tag","embeddable":true,"href":"https:\/\/tanphulinhphukien.vn\/index.php?rest_route=%2Fwp%2Fv2%2Fproduct_tag&post=6194"}],"curies":[{"name":"wp","href":"https:\/\/api.w.org\/{rel}","templated":true}]}}